Suppose -a = 2*h - 49. What is x(h)?
-5
Let z be ((-16740)/(-84))/15 - (-4)/(-14). Let g(w) = -w**3 + 13*w**2 - 4*w + 19. Give g(z).
-33
Let k(n) be the third derivative of 11*n**4/24 + 5*n**3 - 3*n**2 + 3*n - 11. Give k(-8).
-58
Let m = -42922 - -42919. Let v(b) = b**3 - 2*b**2 - 5*b - 6. Determine v(m).
-36
Let r(f) = -4*f + 11. Let o(j) = -11*j + 32. Let a(d) = -6*o(d) + 17*r(d). Suppose 3*g = 76 + 23. Suppose g = -12*z - 27. Give a(z).
5
Let f(t) = 2*t**3 - 3*t**2 - 6*t + 2. Let v(q) = 3*q**3 - 3*q**2 - 9*q + 3. Let s(p) = -7*f(p) + 5*v(p). Let i = -10 + 3. Determine s(i).
-27
Let g(b) be the first derivative of b**3/3 + 19*b**2/2 + 21*b + 91. Let a be g(-18). Let v(r) = 4*r + 3. Calculate v(a).
15
Let o be -15*7/(-7)*(0 - -1). Let j(m) = 5 + 10*m**2 + o*m**2 + m**3 + 7*m**2 - 27*m**2. Let n = -3 - 2. What is j(n)?
5
Let q(x) = x**3 - 11*x**2 + 30*x + 6. Let s be q(7). Suppose 0 = -s*a - 88 - 12. Let v(c) = -c - 1. Let r(y) = -y - 1. Let p(t) = 3*r(t) - 4*v(t). Give p(a).
-4
Let x(y) = -387 - 384 - 379 + 1149 - 3*y. What is x(2)?
-7
Suppose 8*v - 10*v + 4 = 0. Suppose -v*s - 2 = -2*g, -19 = -5*g + g - s. Let r(f) = 20*f - 1. Let x(p) = 9*p. Let n(d) = g*r(d) - 9*x(d). What is n(0)?
-4
Let m(a) be the second derivative of 0*a**4 + 1/10*a**5 - a**2 + 14*a + 0 - 1/3*a**3. Let c be (-234)/27 - -6 - (-4)/6. What is m(c)?
-14
Let j(q) = -3*q. Let a(h) = -100 + 18*h - 42*h + 25*h. Let g be a(0). Let v = g + 99. What is j(v)?
3
Let r(z) be the third derivative of -z**4/24 - 19*z**3/6 - 5*z**2 - 104*z. Let l(b) = -b**2 + 9*b - 3. Let h be l(10). Give r(h).
-6
Suppose -4*s - 2*d + 204 = 0, -2*s + 5*d + 54 = -36. Let q(h) = -h**2 - 16*h + 5. Let f be q(-13). Let b = f - s. Let u(x) = -x**2 - 3*x + 5. Determine u(b).
-13
Let p(v) = -v**3 - 8*v**2 + 8*v + 22. Let k(l) = 148*l - 1489. Let b be k(10). Determine p(b).
31
Suppose -47 = -4*c + 3*p, 0 = -2*p - 13 + 3. Let r(y) = -21 + 4*y + 9 + c - 23. Let j be r(6). Let v(h) = h**2. Give v(j).
9
Let j(d) = 23*d**3 + 23*d**2 - 13*d + 29. Let n(f) = 13*f**3 + 12*f**2 - 7*f + 16. Let y(g) = 6*j(g) - 11*n(g). Determine y(2).
-20
Let i(d) = d**2 + d - 9. Let q = 3777 - 3779. Give i(q).
-7
Let v be (47 - 46)*(-7 - 0). Let k(a) = 3*a**3 + 22*a**2 + 11*a + 17. Give k(v).
-11
Suppose -3 = 3*z - 39. Suppose -z*q - 39 = -25*q. Let v(y) = -2*y**3 + 2*y**2 + 4*y - 1. Determine v(q).
-25
Let b(m) = -3990 - 5*m + 1331 + 1321 + 1322. What is b(-6)?
14
Let n(o) = 3*o - 5 + 0*o + 3 - 87*o. Determine n(1).
-86
Let j(i) = 8*i + 41*i**2 + 4387 - 4389 - 40*i**2. Calculate j(6).
82
Let p(q) = -76*q**2 - 8*q + 18. Let z(r) = -107*r**2 - 12*r + 27. Let n(u) = 7*p(u) - 5*z(u). Give n(-6).
75
Let u(n) = -n**3 - n + 7. Let t be -9 - (1 - 13) - 3. Determine u(t).
7
Let y(n) = n**3 + 6*n**2 - 12*n - 4. Suppose 0 = -4*w + 4*r - 24, 3*w = -16*r + 15*r - 26. What is y(w)?
-36
Let j(t) be the first derivative of -t**2 + 986. What is j(-6)?
12
Suppose 4*k + 44 - 84 = 0. Let z be (-1)/4 - k/(-8). Let u(d) = -14*d**2 + 7*d + 4. Let j(t) = t**2 - t - 1. Let g(f) = 5*j(f) + u(f). What is g(z)?
-8
Let i = -8 + -15. Let p be -10*5/40*(24 - 0). Let z = i - p. Let u(o) = -o**3 + 7*o**2 + o + 7. Determine u(z).
14
Let t(m) = -m**2 + 12*m - 1. Let i be (10 - 22/2)*-5. What is t(i)?
34
Let m = -16 - -41. Let a(t) = 24*t + m*t - 61*t - 1. Suppose -5*n - i + 3 = 0, 5*i = -n - 5 - 4. What is a(n)?
-13
Let z(u) be the second derivative of 7/2*u**2 - 2 - u + 1/12*u**4 + 13/6*u**3. What is z(-13)?
7
Let d = -1062 + 1066. Let s(j) = 2*j + 4*j + 6 - 9*j + j**2 - 4*j. Calculate s(d).
-6
Let x(m) = -m**2 + 34*m + 115. Let u = 8200 + -8203. What is x(u)?
4
Let g(o) = o - 2. Let k be ((-4)/(-2) + -3)/(-1 - 0). Suppose -4 + k = 3*a + 3*n, 5*a + 2*n = 1. Calculate g(a).
-1
Let y(t) = -3*t**2 - 4*t - 3. Let z(x) = 4*x**2 + 6*x + 4. Let k(q) = 5*y(q) + 4*z(q). Let f(l) = -l**2 - 35*l + 112. Let b be f(3). Give k(b).
-3
Let p = 51 - -2. Let n(c) = -c**2 + c**3 + p - 82 + 34. Give n(0).
5
Let a(x) = -1 - 1343*x**2 + 0*x + 1337*x**2 - 2 + 4 + x + x**3. Let n = -94 + 98. What is a(n)?
-27
Let m(r) be the third derivative of -r**6/120 + 29*r**5/60 - 9*r**4/8 - 4*r**3 + 555*r**2. What is m(28)?
4
Let g(v) = 3*v**2 - 2*v - 2. Let b = -21 + 1. Let r(m) = -m - 16. Let p be r(b). Suppose -t + 4 = 0, 0 = 2*s + p*t - 25 + 5. Calculate g(s).
6
Let s(t) = t**3 + 6*t**2 - 2*t - 7. Let n(h) = 2*h**3 - 10*h**2 + 17*h + 38. Let f be n(6). Let u be f/(-36) - (-9)/(-81). Determine s(u).
5
Let u(k) = k**3 - 8*k**2 + 7*k - 7. Let j be ((-135)/15 - -24) + -11. Give u(j).
-43
Let r(t) = -3*t + 3. Let h(f) = -18*f + 20. Let w(c) = h(c) - 7*r(c). Let n(q) = -2 + 0*q + 3*q + 1. Let k(g) = -4*n(g) + 5*w(g). Calculate k(1).
2
Suppose 5*f - 4*z = -5, 5*f + z = 10 + 10. Let a(c) = 3 - 2*c**2 + 2*c - 19*c**3 - c**2 + 12*c**3 + 6*c**f. Determine a(-4).
11
Let s be (361/3)/(7/21). Let a(i) = 0*i + i - 2*i + s - 363. Calculate a(-8).
6
Let a(x) = 41*x + 13. Let m(v) = -44*v - 14. Let j(d) = 12*a(d) + 11*m(d). Suppose -3*u - 3*p + 6 = 0, -2*u + u - 4*p = -5. Give j(u).
10
Let h(k) = 10*k - 71. Let b(c) = -8*c + 55. Let s(o) = -3*b(o) - 2*h(o). Determine s(-6).
-47
Let h(s) = -s**2 + 5*s + 11. Let d be (2 - 3)*1/(3/(-15)). Suppose -3*r - 24 = -4*c, 4*c - 2*c + d*r = 12. What is h(c)?
5
Let w(p) = -18*p**2. Suppose -4*f + i - 10 = 0, -3*f + 3*i + 2*i - 16 = 0. Let j be -5*(f + 230/25). Let a = -35 - j. Give w(a).
-18
Let h(a) = 23*a - 167. Let k(u) = -22*u + 150. Let n(p) = -9*h(p) - 10*k(p). Give n(8).
107
Let w(g) be the third derivative of -g**6/120 - g**5/10 + g**4/3 - g**3/6 - 2*g**2. Suppose -313 + 232 = -3*d. Suppose -7*t = d + 22. What is w(t)?
-8
Let c(k) be the second derivative of -k**5/20 - k**4/12 - k**3/6 - k. Let s be (2 + (26 - 14 - 15))/1. Determine c(s).
1
Let g(f) = -f + 4. Let q be g(-3). Let k(n) = 17194 - 5733 - n**2 - 5736 - 5731 + 8*n. Determine k(q).
1
Let u = -34 + 36. Suppose -u*m + 4*m + 11 = a, -5*a + 4*m + 61 = 0. Let c(j) = -1 - 12*j + 1 - 9*j**3 + a*j. Give c(-1).
8
Let c(q) = -70*q + 8. Let w(t) = 38*t - 2. Let v(s) = -6*c(s) - 11*w(s). Calculate v(23).
20
Let t(w) = -w - 29. Let p(j) = j**3 - 23*j**2 - 85*j - 165. Let d(x) = p(x) - 6*t(x). Give d(26).
-17
Let k(q) = -q**2 - 1 - 14*q + 0*q - 6. Let d be (-1 - -16) + (-98464)/6528 - (-334)/(-24). What is k(d)?
-7
Let z(h) = 125024*h**2 - 2 + h - 125025*h**2 - 9. Calculate z(0).
-11
Let k(u) = -238*u - 8. Let l(w) = -102*w - 1. Let n(t) = -k(t) + 2*l(t). Determine n(-5).
-164
Let z(c) = -c**3 + 8*c**2 + 2*c + 10. Let o(q) = -6*q**2 + 11*q + 2. Let p be o(2). Suppose 48 = 4*b - 4*s, 2*b - 8 = -2*s - p. Give z(b).
26
Let o(q) = q**2 - 8*q - 3. Let p be o(9). Suppose -4*f - 16 = -3*f - 4*z, 4*f - p = 2*z. Let x(k) = -11 - k + k + f*k - 5*k. Give x(-9).
-2
Suppose -3*z + 2*z = 0, -h - 2*z = 6. Let i be (5 + 7)*4/(-36)*h. Let n(u) = -u**3 + 8*u**2 + u - 6. Determine n(i).
2
Let c(y) = 19*y + 23. Suppose -100*t + 210 = -282 - 208. Give c(t).
156
Let q(x) = 342 - 117 - 113 + 9*x - 119. Calculate q(6).
47
Let t(x) = 70*x**2 - 2 - 3 + 8 - 7 - 68*x**2. Let f be (-2)/3*((-60)/(-8) + -3). Give t(f).
14
Let l be (-5)/(-10) - -3 - (-2)/4. Suppose 2*g - l - 3 = h, 17 = -3*h + 2*g. Let u(f) = f**3 + 6*f**2 - 9. Determine u(h).
16
Let r(v) = -140*v**3 - 6*v**2 - 3*v - 5 - 137*v**3 + 422*v**3 - 146*v**3. Determine r(-4).
-25
Let d(p) = -p**2 - 23*p - 73. Let v be d(-19). Suppose -f - 21 = 5*q, -q + 12 - v = -2*f. Let w(a) = -2*a + 2. Give w(f).
14
Let c(t) = t**3 - 11*t**2 + 32*t - 16. Let r be c(11). Let v(m) = 166 - 3*m**2 + 4*m**2 - r + 172 - 2*m**2 - 9*m. Give v(-11).
-20
Let b(h) = h**3 + 8*h**2 + 6*h - 5. Let i be b(-7). Let y(m) = m**2 + 3*m + 0*m**i + 19 - 2*m - 21. Let x be -1 + -10*1/(-10). Determine y(x).
-2
Let j(d) = -d**2 - 3*d - 13. Let f = 5942 - 5956. Determine j(f).
-167
Suppose -98 = 102*f + 922. Let z(t) = -2*t - 8. Calculate z(f).
12
Let f(y) = 11*y**2 - 45 + 8*y - 16*y**2 + 5 + 2 + 6*y**2. What is f(-13)?
27
Let j(u) = -u + 20. Let t be j(9). Suppose -8*w = -t - 21. Let r(a) = -2 - w*a + 8 + 3*a - 7 + 7*a**2. Calculate r(2).
25
Let t(c) be the third derivative of -c**5/60 + 13*c**4/24 - 19*c**3/6 - 500*c**2 + 1. What is t(9)?
17
Let o be (24/27*(-51)/68)/((-1)/(-9)). Let c(r) = -2*r**2 - 4*r - 2. Calculate c(o).
-50